 -2*h + 489. Suppose 3*w + 0*w = -9, -2*k - m = w. Let p = 1110 + k. Is p a composite number?
False
Let y be (-7 - (-150)/9) + 2/6. Suppose -4*j - 4*u - 18 - 62 = 0, -4*j + 3*u - 80 = 0. Is ((-10628)/y)/(8/j) a prime number?
True
Let y be (-46)/(-14) + 0 + 8/(-28). Is 91762/77 + 4/14 + y prime?
False
Suppose o - 46420 = -3*q, -27*o + 22*o + 232009 = 2*q. Is o a prime number?
True
Let x(k) = -3*k - 19. Let t be x(-7). Let h(r) = 6 + 2 - r**3 - 12 - t*r + 12*r**2. Is h(9) a composite number?
True
Let z(m) = -3*m**3 - 21*m**2 - 56*m + 1. Is z(-17) composite?
False
Let x(f) = f**3 + 12*f**2 + 21*f + 16. Let g be x(-10). Suppose g*n - 7*n = -26903. Is n a composite number?
False
Is (-3 + (1217 - -3))/(4 + (-19530)/4886) a composite number?
True
Suppose -4502 - 706 = u. Let b = 10697 + u. Is b composite?
True
Let s be (0 - (-1)/(-3))*3. Let w be 2/(-2) - -1*(-28)/4. Is (-3 + s)/w*1886 a composite number?
True
Let l = -23 - -22. Let d be (l/(2/2126))/((-12)/12). Suppose 3*q + 286 = d. Is q a composite number?
True
Let v(z) = 2*z - 24. Let k be v(14). Let y = k + 99. Is y prime?
True
Suppose -4*p + 20 = 3*o - 7*o, 2*o - 3*p + 15 = 0. Suppose 5*v + 9*v - 70084 = o. Is v a composite number?
True
Let q = 464 - 459. Suppose 0*u + q*u = 4*s - 20179, -4*u - 5031 = -s. Is s a composite number?
False
Let b be 2/(6 - 7)*-6. Is (-53926)/((-2)/b + (-77)/42) a prime number?
False
Suppose -3*g + 57465 = 6*g. Suppose -5*l - 2*u + 10641 = 0, -5*u + g = 3*l - 4*u. Is l prime?
True
Let v(t) = -3*t**3 - 9*t**2 - t - 12. Let q = -220 + 201. Is v(q) composite?
True
Let q(t) be the third derivative of -73*t**6/120 - t**5/30 + 2*t**3/3 + 9*t**2. Let b be q(2). Let a = b - -825. Is a a composite number?
True
Let k(t) = 26*t + 6. Let v be k(-4). Is 1606/3*(-147)/v a prime number?
False
Let u(x) = 292*x**3 + 3*x**2 - 126*x + 105. Is u(8) a prime number?
True
Let w(t) = 6*t**2 + 149*t - 184. Let k be w(-26). Let x be 1/((-1)/2) + 1. Is (590/k + -3)*x a composite number?
True
Suppose 14*d + 414 = 23*d. Suppose -2*u = -2*g - 116 - d, -2*g = u - 78. Is (-3189)/(-4) - 4/u*5 a prime number?
True
Suppose 92950 = 2*a + 2*t, 0 = 1401*a - 1400*a - 3*t - 46459. Is a prime?
True
Let s(l) = -l**3 + 3*l**2 + 6*l - 5. Let j be s(4). Suppose 4*g - g = -j*g. Is 0 - (g - (-1268)/(-4)) composite?
False
Suppose 6279 = -11*v + 111868. Is v a composite number?
True
Let t(p) = 36*p**2 - 7*p - 9. Let m be t(7). Suppose 5*z - 1189 - m = 0. Let k = z + -288. Is k a composite number?
True
Let x(p) = 213*p**2 + 10*p - 10. Let y be x(10). Suppose -7147 = -0*w - w + 4*d, 3*w + 5*d = y. Is w prime?
False
Let k be 0 + 1/(-11) + 4816/(-1232). Is ((-1119)/12)/(k/16) a prime number?
True
Let b be (0 - -1)*-2*(-6)/2. Suppose y + b - 7 = 0. Is (y + (-4)/3)/((-22)/9306) composite?
True
Suppose 0 = 337*f - 332*f + 13540. Let o = -777 - f. Is o a prime number?
True
Suppose -2*x = -2*b, 43 = 2*b + 4*x + 13. Is 4/10 - (-25833)/b a prime number?
True
Let z = 141024 + 47975. Is z composite?
False
Let n(a) be the second derivative of -a**4/6 - 97*a**3/6 - 11*a**2 - 91*a - 2. Is n(-35) a composite number?
True
Suppose 16*z = 159166 + 142274. Let b = z + -8999. Is b a composite number?
True
Let f be 2/7 - 2032/56. Let w = -34 - f. Suppose x - 254 = 3*n, w*n + 190 + 1015 = 5*x. Is x a prime number?
True
Suppose 0 = -403*d + 363*d + 1958680. Is d a composite number?
True
Suppose 0 = -17*n + 11*n + 614364. Is n a composite number?
True
Let b be (312/(-18) + 4)*48/(-2). Let s be (5/2 - 1)/((-60)/b). Is (-2)/s - 21548/(-16) a prime number?
False
Let s = 701566 + 33807. Is s prime?
True
Suppose 52316 + 25796 = 4*r - 4*p, -19508 = -r + 5*p. Suppose -6773 = -7*y + r. Is y prime?
False
Suppose 4*a + 12490 - 109167 = -h, 5*a - 120843 = 2*h. Is a prime?
True
Let a = -13 - -22. Suppose 0 = o + 2*o - a. Is (514/(-3))/((-2)/o) a prime number?
True
Suppose 4*v = 4*l - 10516, -4770 = -5*v + 3*l - 17913. Suppose -5*m - 2*w - 7559 = 0, 3*m + 4543 = -54*w + 49*w. Let s = m - v. Is s composite?
False
Suppose -1148226 = -8*z + 141094. Is z a prime number?
False
Suppose -332*h + 487*h = 145905065. Is h prime?
True
Suppose -4*s - 2*m + m = -10, 3*s = -4*m + 1. Suppose 2*v = -0*v + w - 10, 0 = -v + s*w. Let a(z) = 49*z**2 + 2*z - 19. Is a(v) composite?
False
Suppose -14 = 6*t - 8*t. Suppose 899 = -t*m + 5330. Suppose -3*j = -x - 884, -x + 241 = 3*j - m. Is j composite?
False
Let d(z) = -3*z**3 - 21*z**2 - 11*z - 1209. Is d(-28) prime?
True
Let u(y) = y**3 + 7*y**2 + 8*y - 10. Let a be ((-35)/21)/(1/3). Let k be u(a). Is k + 6/9*6 + 903 a prime number?
True
Let g = 13174 + -20300. Let l = 4671 - g. Is l composite?
True
Let f(n) = -n**3 + 14*n**2 + 18*n + 5. Let y be f(12). Let h = y - -87. Suppose 6*r - h = 2*r. Is r prime?
True
Let j(k) = -k**3 + 11*k**2 - 11*k + 22. Let c be j(10). Let a = c + -84. Let u = 205 + a. Is u prime?
False
Let h = 1598 + -2449. Suppose 0 = 4*u - 2640 - 3112. Let l = h + u. Is l a prime number?
True
Suppose 0 = 5*t + 4*d - 141255, 9*t = 14*t - 4*d - 141295. Is t a composite number?
True
Let l(w) = -565*w**3 + 4*w**2 + 18*w - 7. Is l(-4) a composite number?
True
Let p = 13774 - 9410. Suppose -2*i + 3*r = -p, 3*i + 26*r - 6535 = 25*r. Is i a composite number?
False
Suppose -445*k = -449*k + 8. Suppose 4*f + l + k*l = 16341, -5*l - 8151 = -2*f. Is f composite?
True
Let l(n) = 61*n**2 + 4*n + 11. Suppose -15 = 4*t - 59. Suppose t*s - 4*b - 22 = 8*s, -4*s - b + 23 = 0. Is l(s) prime?
False
Is 1552580 - (0 - (25 - 16)) a composite number?
False
Let u(z) = -2*z - 5. Let g be u(-5). Suppose -a - 4*q = -642, q - 6*q - 3135 = -g*a. Suppose 0 = -3*x - 3*o + 378, 4*x + 86 = 4*o + a. Is x prime?
True
Let o = 15 - 7. Let p(w) = -26*w**2 - 5*w + 29. Let l(f) = f - 9. Let j(u) = -4*l(u) - p(u). Is j(o) composite?
True
Is (8/24)/(112497020/196869540 - 8/14) a prime number?
True
Suppose -18*g - 1044 = -15*g. Let p = g + 1628. Is (-10)/(-5) + -5 + p a prime number?
True
Suppose -28*p - 11*p = -2184. Is 2056 - (p/(-4) - -7) composite?
False
Let v = 471 + -756. Let u = -57 - v. Suppose 5*i + 4*m = 1451, 5*m = -i + u + 79. Is i a composite number?
True
Suppose 5*f + 337605 = 5*y, -6*y - 265*f + 405130 = -269*f. Is y composite?
False
Let h(p) be the third derivative of p**8/1008 - p**7/720 - p**6/36 + 19*p**5/60 + 5*p**2. Let o(s) be the third derivative of h(s). Is o(-7) prime?
True
Let s = -39 - -47. Let n be 2/s*2*2*634. Suppose 0*b + 4*b = -2*o + n, -2*b + 8 = 0. Is o prime?
False
Suppose -102*r + 4 = -98*r. Suppose t = -4*t - 3*l + 18212, l + r = 0. Is t a composite number?
False
Suppose -4*d + 3713 + 125355 = 0. Is d a composite number?
True
Let x(b) = 152*b + 58. Let h(g) = -76*g - 29. Let z(d) = 5*h(d) + 3*x(d). Let u be 4*4/(-32)*-10. Is z(u) a prime number?
True
Suppose 118*a + 12 = 120*a. Let d(x) = 11*x**3 - x**2 - 23*x + 25. Is d(a) a prime number?
False
Suppose 118*t - 18724060 = -4529486. Is t composite?
False
Let a(l) = 44*l**2 + 647*l + 104. Is a(-33) a prime number?
True
Let p = -865 + 1300. Is ((-6)/3)/4 - p/(-2) a prime number?
False
Suppose 0 = 951*w - 960*w + 3877245. Is w a prime number?
False
Let q(w) = 2*w**3 - 7*w**2 + 9*w - 1. Suppose 5*f = -0*z - 2*z + 4, 10 = 5*z - 5*f. Suppose 27 = 3*j + 4*a, z*j + 3*j - 5*a = 10. Is q(j) composite?
True
Let y(k) be the second derivative of -3*k**3 + 3*k**4 + 24*k + 0 + 5/2*k**2. Is y(-5) composite?
True
Let k(p) = -350208*p**3 - p**2 + p + 3. Is k(-1) prime?
False
Let q be -4 - ((-2)/13 - 100/26). Suppose 2*u = 3*s - 4531, -5*s - u + 7556 = -q*u. Is s prime?
True
Let n(j) = 3*j**3 - 17*j**2 - 15*j + 23. Let h be n(13). Let x = 4039 + h. Suppose -38*s - x = -43*s. Is s prime?
False
Let u = -48 - -55. Suppose -4*l = 5 - 13. Is -14*(-4 + u/l + -138) prime?
False
Is ((-18675496)/392)/((-3)/21) composite?
False
Let i be -10 - (2/(-6))/((-2)/(-12)). Is ((-7226)/i)/(-7*(-7)/196) a prime number?
True
Let g be -5 - -7 - (-1 - 3). Suppose -y + g = y. Suppose 5*p = y*p + 674. Is p composite?
False
Is 19/((-1197)/(-85540588)) + (7 - (-256)/(-36)) a composite number?
False
Let t = -64965 - -186902. Is t composite?
False
Suppose -x - 8*f + 23 = -4*f, -29 = -4*x + 5*f. Suppose -14*k + 20793 = -x*k. Is k prime?
False
Let b(s) = 15798*s**2 + 42*s - 119. Is b(4) a prime number?
True
Let u(g